visor of 10 and 46.
2
Calculate the highest common divisor of 369 and 36.
9
Calculate the greatest common factor of 48 and 78.
6
What is the highest common divisor of 108 and 21?
3
What is the greatest common factor of 9384 and 368?
184
Calculate the highest common factor of 3087 and 105.
21
Calculate the highest common factor of 2 and 744.
2
What is the highest common factor of 52429 and 109?
109
What is the highest common divisor of 434 and 31?
31
What is the highest common divisor of 2 and 67?
1
Calculate the highest common factor of 688 and 1008.
16
Calculate the highest common divisor of 1972 and 1682.
58
Calculate the greatest common factor of 13029 and 129.
129
What is the highest common divisor of 42 and 2436?
42
What is the greatest common factor of 8939 and 7?
7
Calculate the greatest common divisor of 1302 and 18.
6
Calculate the highest common factor of 325 and 26.
13
Calculate the highest common divisor of 315 and 63.
63
What is the highest common divisor of 16 and 3856?
16
Calculate the greatest common factor of 530 and 742.
106
Calculate the highest common factor of 392 and 168.
56
What is the highest common factor of 2960 and 80?
80
What is the highest common divisor of 4081 and 77?
77
Calculate the greatest common divisor of 465 and 135.
15
What is the greatest common divisor of 7392 and 210?
42
Calculate the greatest common factor of 775 and 100.
25
What is the greatest common divisor of 2421 and 18?
9
Calculate the greatest common divisor of 323 and 629.
17
Calculate the highest common factor of 10843 and 14.
7
What is the highest common divisor of 22 and 2959?
11
Calculate the greatest common factor of 10 and 640.
10
Calculate the highest common divisor of 28 and 1988.
28
Calculate the highest common divisor of 9426 and 6.
6
Calculate the greatest common factor of 954 and 144.
18
Calculate the highest common divisor of 50 and 1270.
10
What is the greatest common divisor of 115 and 11477?
23
Calculate the greatest common divisor of 94770 and 195.
195
Calculate the highest common factor of 83025 and 41.
41
Calculate the greatest common factor of 68 and 306.
34
What is the highest common divisor of 552 and 36?
12
Calculate the greatest common factor of 8 and 24596.
4
What is the highest common divisor of 36 and 492?
12
What is the highest common factor of 1243 and 88?
11
What is the greatest common divisor of 3105 and 150?
15
Calculate the highest common factor of 14148 and 917.
131
Calculate the greatest common divisor of 261 and 2349.
261
What is the highest common factor of 40 and 5560?
40
Calculate the greatest common divisor of 84 and 36.
12
Calculate the greatest common factor of 618 and 36.
6
Calculate the highest common divisor of 270 and 378.
54
What is the highest common divisor of 84 and 910?
14
Calculate the highest common factor of 2 and 86.
2
What is the greatest common divisor of 1989 and 153?
153
Calculate the highest common divisor of 65 and 75.
5
Calculate the greatest common factor of 60 and 39.
3
Calculate the highest common factor of 266 and 70.
14
What is the greatest common divisor of 244 and 305?
61
What is the highest common divisor of 15785 and 55?
55
What is the highest common divisor of 88 and 792?
88
What is the highest common divisor of 19 and 779?
19
What is the greatest common factor of 14840 and 20?
20
What is the highest common factor of 4 and 1588?
4
What is the greatest common divisor of 748 and 6664?
68
What is the greatest common factor of 24 and 1416?
24
What is the highest common factor of 1245 and 195?
15
What is the greatest common divisor of 7085 and 13?
13
Calculate the greatest common divisor of 39 and 48.
3
What is the greatest common factor of 29 and 2407?
29
Calculate the highest common divisor of 8 and 168.
8
What is the highest common divisor of 1494 and 252?
18
What is the greatest common divisor of 96 and 6848?
32
What is the greatest common factor of 1944 and 1539?
81
What is the highest common divisor of 22475 and 100?
25
Calculate the greatest common factor of 54 and 5157.
27
Calculate the highest common divisor of 3726 and 276.
138
Calculate the highest common factor of 5782 and 944.
118
What is the highest common divisor of 30744 and 144?
72
Calculate the greatest common divisor of 110 and 310.
10
What is the highest common factor of 336 and 32?
16
Calculate the highest common factor of 6 and 2346.
6
Calculate the highest common divisor of 1050 and 135.
15
Calculate the greatest common factor of 4 and 172.
4
Calculate the highest common factor of 570 and 42.
6
Calculate the greatest common factor of 416 and 16.
16
Calculate the highest common factor of 29 and 493.
29
What is the highest common divisor of 10800 and 160?
80
Calculate the highest common factor of 104 and 20072.
104
Calculate the greatest common divisor of 30 and 45.
15
Calculate the highest common divisor of 2350 and 94.
94
What is the highest common divisor of 9027 and 51?
51
Calculate the greatest common factor of 255 and 120.
15
What is the highest common factor of 19 and 2413?
19
Calculate the greatest common factor of 203 and 28.
7
Calculate the highest common divisor of 176 and 143.
11
Calculate the greatest common factor of 196 and 92.
4
What is the highest common factor of 168 and 42?
42
Calculate the highest common factor of 84 and 434.
14
Calculate the highest common divisor of 77 and 440.
11
What is the greatest common divisor of 18 and 2406?
6
Calculate the greatest common factor of 3586 and 33.
11
What is the highest common factor of 94 and 799?
47
Calculate the greatest common factor of 1150 and 50.
50
Calculate the greatest common divisor of 1008 and 4.
4
Calculate the highest common factor of 14 and 1596.
14
What is the greatest common factor of 5 and 215?
5
Calculate the greatest common divisor of 66 and 110.
22
Calculate the greatest common factor of 583 and 11.
11
What is the greatest common factor of 38 and 874?
38
Calculate the highest common divisor of 34512 and 12.
12
Calculate the highest common divisor of 14 and 322.
14
Calculate the greatest common divisor of 34 and 6.
2
What is the highest common divisor of 4 and 104?
4
What is the greatest common factor of 10 and 320?
10
What is the highest common factor of 20 and 410?
10
What is the greatest common divisor of 1680 and 1560?
120
Calculate the highest common divisor of 46 and 3082.
46
What is the greatest common divisor of 7276 and 544?
68
What is the highest common factor of 13289 and 137?
137
What is the highest common divisor of 6219 and 12?
3
Calculate the greatest common divisor of 156 and 9516.
156
What is the greatest common divisor of 448 and 21?
7
What is the highest common factor of 80 and 64?
16
Calculate the highest common divisor of 130 and 78.
26
Calculate the greatest common divisor of 98 and 70.
14
Calculate the highest common divisor of 94 and 799.
47
Calculate the highest common factor of 5211 and 386.
193
What is the highest common factor of 14 and 4375?
7
Calculate the greatest common divisor of 14525 and 525.
175
Calculate the highest common factor of 11 and 693.
11
What is the greatest common factor of 22 and 1298?
22
What is the highest common factor of 177 and 236?
59
Calculate the greatest common divisor of 187 and 539.
11
Calculate the highest common factor of 583 and 424.
53
Calculate the highest common factor of 222 and 4070.
74
Calculate the highest common factor of 270 and 60.
30
What is the greatest common factor of 1189 and 2665?
41
Calculate the highest common divisor of 25 and 30.
5
Calculate the highest common divisor of 28 and 119.
7
What is the highest common divisor of 13 and 871?
13
Calculate the highest common divisor of 7 and 245.
7
Calculate the highest common factor of 8 and 8.
8
What is the greatest common divisor of 207 and 1152?
9
What is the greatest common factor of 437 and 92?
23
Calculate the greatest common divisor of 14440 and 80.
40
Calculate the highest common divisor of 5 and 145.
5
Calculate the greatest common factor of 25 and 53.
1
Calculate the highest common factor of 702 and 156.
78
What is the highest common factor of 707 and 1?
1
What is the greatest common divisor of 61 and 8784?
61
What is the greatest common factor of 4 and 7?
1
Calculate the greatest common fa